ghest common divisor of 1333 and o?
31
Let a(p) = -p**2 - 29*p - 55. Let x be a(-27). Let j be ((-6)/9)/(x/(-6)) - -86. What is the highest common divisor of 574 and j?
82
Suppose -6*a + 555 = 483. Let l be (a/(-4) + 1)*(-627)/6. Calculate the greatest common divisor of l and 57.
19
Suppose 364*b - 100*b - 48840 = 0. What is the greatest common divisor of b and 1591?
37
Suppose -g = 4*z - 8, z + g - 20 = -18. Suppose -4*c + 2 = -2. Let n = c + 21. What is the greatest common factor of n and z?
2
Suppose 3*w + 13 = -f + 32, -5*f = 3*w - 23. Suppose -5*p + 10 = -10. Suppose -4*y = -2*y - p. What is the highest common factor of y and w?
2
Let y(q) = -34*q - 1117. Let u be y(-33). What is the highest common divisor of 3815 and u?
5
Suppose 73*q - 22*q - 663 = 0. Calculate the highest common divisor of q and 4225.
13
Suppose -91*n = 31 - 668. Suppose -v = -3*s - 6, -3*v - 3*s = -v + 24. Let p be (-14)/(2/(v*1)). What is the greatest common factor of n and p?
7
Suppose 0 = -5*o - 45, 21*h - 16*h - 48 = -3*o. What is the greatest common divisor of 24135 and h?
15
Let d = 3427 - 3299. Calculate the highest common factor of 3296 and d.
32
Let r(v) = -13*v + 108. Let h be r(8). Let a(m) = m**2 - 25*m + 95. Let d be a(h). What is the highest common divisor of d and 121?
11
Let j be (8/(-24))/((14/(-60))/7). Let p(o) = -o**3 - 13*o**2 - 14*o - 22. Let v be p(-12). What is the highest common divisor of v and j?
2
Let u(t) be the second derivative of -8*t - 1/3*t**3 - 1/2*t**2 + 1/6*t**4 + 0. Let h be u(3). Calculate the greatest common factor of 121 and h.
11
Let z = 803 - 812. Let r be 2 - (z - 0) - -33. Suppose l + 6 = -3*q + 5*q, -15 = -5*l + q. Calculate the highest common factor of l and r.
4
Suppose 25*p - 15*p = 600. Suppose 5*c = c + 560. What is the highest common divisor of p and c?
20
Let f(o) = -3*o. Let l(z) = -2*z + 35. Let v(h) = -2*f(h) + l(h). Let k be v(-7). What is the greatest common divisor of 238 and k?
7
Let v(d) = -68*d - 8. Suppose 3*q = -34*q - 74. Let w be v(q). What is the greatest common factor of w and 32?
32
Suppose 2*x - 10 = 0, n - x - x = 0. Let m = 26331 + -26296. What is the greatest common divisor of n and m?
5
Suppose -2*i - i + 6 = 0. Let w(g) = 29*g + 23. Let q be w(-2). Let f be ((-360)/q + -10)*14/4. Calculate the highest common divisor of f and i.
1
Let l(b) = 5*b**2 + 32*b - 228. Let p be l(-14). Calculate the highest common divisor of 752 and p.
16
Suppose -238*r - 19079 = -116183. Calculate the greatest common divisor of 1176 and r.
24
Let j = 85 - 88. Let g be (5/(-2) - j)*12. Suppose -5*f = -b - 47 - 15, -b - 2 = 0. Calculate the highest common divisor of f and g.
6
Suppose l + 8 = 7. Let v be -40 + 129 + 8 + l. Calculate the greatest common divisor of 3 and v.
3
Suppose 0 = 10563*a - 10611*a + 20880. Let m = 21 + 153. What is the highest common factor of m and a?
87
Let v(k) = 2*k**3 - 101*k**2 + 54*k - 20. Let r be v(50). Suppose -5*j + 180 = 4*s, 3*s = -0*j + 3*j + 108. Calculate the greatest common factor of r and s.
20
Let n be (-19405442)/(-1342) - (-1)/(-11)*1. Suppose 28*d - 15024 - n = 0. What is the greatest common divisor of 13 and d?
13
Let i be -222*(88/(-16) - -2). Let a = i + -651. Calculate the highest common factor of a and 210.
42
Let o be (2480/(-35))/(-4) + (-4)/(-14). Let i be (-2)/(-1*4) - 117/o. Let d = 3 - i. What is the greatest common divisor of 81 and d?
9
Let u(t) = -t**2 + 28*t - 175. Let h be u(13). What is the highest common factor of 260 and h?
20
Let m be 49/2 - ((-35)/105 + 14/(-12)). Calculate the greatest common factor of 4511 and m.
13
Let z = -105 - -241. Let l(n) = -3*n**3 - 166*n**2 - 1597*n - 54. Let c be l(-43). What is the greatest common divisor of c and z?
68
Suppose 111 = 4*y - m, 0 = -2*y + 4*m - 3*m + 55. Let h be 44*((-2)/(-14))/((-2)/(-7)). Suppose y = 5*a - h. What is the highest common factor of 10 and a?
10
Let o be 9/(27/150) - -2. Suppose -3*g = -7*g - o. Let c = g + 35. Calculate the highest common factor of 198 and c.
22
Let q be (12 - 0)*((-30)/(-9) + -3). Suppose -q*l = -10*l. Suppose 4*f + 0*f + 3*h - 160 = l, 0 = 4*h. What is the greatest common divisor of f and 5?
5
Let i be (1260/(-25))/(20/(-100)). Calculate the greatest common factor of i and 396.
36
Let g be ((-211140)/1610)/(1/(-7)). What is the highest common divisor of g and 27?
27
Let m be 9/18 + 7/2. Let p be (125/15 + -11)*(-6)/4. Suppose -p*k - c + 77 = k, m*c = -12. Calculate the greatest common factor of k and 64.
16
Let v be (1*174/18)/(1/18). Let n = v + 601. Calculate the greatest common factor of n and 62.
31
Let r = 133699 - 133691. Let g = -6 - -12. What is the highest common divisor of g and r?
2
Suppose 320 = 3*y + 17*y. Suppose 4*h + j - 291 = 0, 2*j - 2 = 4. What is the greatest common factor of y and h?
8
Let a = 29 - -6. What is the greatest common divisor of a and 875?
35
Suppose 0 = 5*d - 6483 + 1478. Let b be (-6)/8 - 2488*(-2)/192*(-2 - -5). Calculate the highest common divisor of d and b.
77
Let j(h) = -3*h**2 + 50*h + 30. Let m(n) = 5*n**2 - 100*n - 58. Let z(t) = 7*j(t) + 4*m(t). Let s be z(-31). What is the greatest common divisor of 243 and s?
81
Let w be -5 - (-1045)/3 - (5 - (-17)/(-3)). Calculate the greatest common factor of 112 and w.
8
Let t = 154 - 143. Let i be 1*10*1/2. Suppose -m - 4*y = -64, 63 = 4*m - 2*m - i*y. Calculate the highest common divisor of m and t.
11
Let w = -167 - -87. Let f = w - -83. Suppose -5*c - 4 = -f*r - c, -5*r + 5*c = -10. Calculate the highest common factor of r and 16.
4
Suppose -2*a + 2666 = 5*q, -5*a = 561*q - 566*q + 2715. What is the highest common factor of 6700 and q?
268
Let h = 50 + -68. Let n(b) = b**2 + 19*b + 20. Let x be n(h). Suppose x*u - 7 = 5*k + 55, 5*u - 97 = -2*k. What is the highest common factor of u and 7?
7
Let v(i) = -12*i**2 - 36*i + 878. Let r be v(7). Let y be 2586/8 + (-1)/4. Calculate the greatest common divisor of y and r.
19
Let u = 11342 - 11078. What is the greatest common divisor of u and 5632?
88
Suppose -111*m = 10*m - 4579 - 1955. Calculate the greatest common factor of m and 50.
2
Suppose 0*q = 4*q - 856. Suppose y - q - 46 = 0. Let j = -242 + 268. Calculate the greatest common factor of y and j.
26
Suppose -1416*j = -1375*j - 176956. What is the greatest common factor of 13 and j?
13
Let j = 8603 + -3979. What is the highest common divisor of j and 16?
16
Let w = 39 - 46. Let a(o) = o**2 + 10*o + 22. Let l be a(w). Let r be 0 + (-1)/l*-15. Calculate the greatest common factor of 165 and r.
15
Let j(z) = 1188*z + 7170. Let r be j(-6). Calculate the greatest common divisor of r and 854.
14
Let j(k) = k**2 - 8*k + 10. Let y be j(7). Suppose -y*x - t - t + 62 = 0, x = t + 14. Calculate the highest common factor of x and 234.
18
Let a = -27067 - -38629. What is the greatest common divisor of 246 and a?
246
Suppose 2142 = 9*y + 9*y. Let m = 135 - y. What is the greatest common factor of 12 and m?
4
Let g be 2700/(-16) - (-10)/(-8). Let j = g + 203. Calculate the greatest common divisor of j and 9.
3
Let d be (-1)/((-2)/(-4)) + 14. Suppose 227*i - 221*i - 683 = -r, i - 4*r - 118 = 0. What is the highest common divisor of i and d?
6
Suppose z + 2*b + 8 = 13, 5*b = -4*z + 29. Suppose 5*d + 4*q - 130 = 0, 14*q + 75 = 2*d + z*q. Calculate the highest common factor of d and 40.
10
Suppose -464 = -15*h + 256. Suppose -h = -16*z + 80. Let x(a) = -9*a - 7. Let p be x(-3). What is the highest common factor of p and z?
4
Let m(o) = o**2 - 18*o - 2. Let d be m(18). Let p be (3 + d)/((3/(-8))/(-3)). Suppose p*l + 588 = 12*l. What is the highest common factor of 21 and l?
21
Let t = 366 - 371. Let c(q) be the second derivative of q**4/6 + q**3/6 + 3*q**2/2 + 5*q. Let h be c(t). Calculate the highest common divisor of h and 32.
16
Suppose -141*c + 456 = -84329 - 37744. Calculate the greatest common divisor of 297 and c.
11
Let t be 349/27 + 74/999 + 7. Calculate the greatest common divisor of t and 2650.
10
Let y be (-706808)/(-795) + (-2)/30. Let q = -564 + y. Calculate the highest common divisor of 13 and q.
13
Let w = -3666 - -3704. Calculate the greatest common factor of w and 19.
19
Let q(u) = -121*u + 38. Let i be q(2). Let w be i/(-9) + (-20)/30. Calculate the greatest common divisor of w and 121.
1